619*z + 15516. What is c(-282)?
6
Let o(z) = 46*z**2 - 4476*z + 18408. Give o(93).
-6
Let p(c) = c**3 + 23*c**2 - 68*c - 833. Determine p(-27).
-1913
Let q(f) = -3*f**3 + 652*f**2 + 1152*f - 12489. What is q(219)?
-6
Let a(j) = j**2 - 13482*j + 13439437. Calculate a(1084).
5
Let j(c) = 19139*c + 593311. Give j(-31).
2
Let l(f) = f**2 + 88*f + 905. Determine l(-12).
-7
Let h(v) = 3*v**2 - 29*v - 886. Calculate h(23).
34
Let g(o) = 42823*o + 385514. Calculate g(-9).
107
Let n(t) = t**3 + 37*t**2 + 191*t + 227. What is n(-31)?
72
Let w(x) = -17*x**3 - 494*x**2 - 562*x - 15598. Determine w(-29).
-141
Let j(u) = u**3 - 6*u**2 + 296*u - 2495. Determine j(8).
1
Let h(b) = -628*b**2 + 14*b + 16. Calculate h(-1).
-626
Let h(f) = -49*f**2 + 76*f - 220. What is h(4)?
-700
Let q(z) = 755782*z - 12848274. Give q(17).
20
Let a(n) = 20*n**3 - 74*n**2 + 730*n - 3006. Determine a(4).
10
Let c(l) = 666*l + 65166. Give c(-98).
-102
Let k(i) = -11483*i - 769342. Give k(-67).
19
Let y(j) = 17*j**2 + 351*j - 41. Calculate y(-27).
2875
Let n(b) = -2*b**2 - 783*b + 14380. Give n(18).
-362
Let l(t) = 3*t**3 + 77*t**2 - 9328*t - 1253. Calculate l(-70).
7
Let x(j) = 1014*j + 25850. Calculate x(-26).
-514
Let k(c) = 2367*c + 54424. Determine k(-23).
-17
Let w(n) = -n**3 + 48*n**2 - 302*n + 25. Determine w(7).
-80
Let z(m) = 22209*m + 1954387. Calculate z(-88).
-5
Let v(b) = 28088*b - 224616. Determine v(8).
88
Let a(s) = 2*s**2 + 158330*s - 2692195. Calculate a(17).
-7
Let b(d) = 3*d**2 - 294*d + 1659. What is b(88)?
-981
Let c(b) = -3*b**2 + 245*b + 2963. Calculate c(92).
111
Let h(u) = -80920*u - 161817. What is h(-2)?
23
Let z(v) = 2*v**2 + 177*v + 1954. What is z(-78)?
316
Let h(a) = -6127*a + 1115113. Determine h(182).
-1
Let o(t) = -7*t**2 + 10477*t - 52221. Determine o(5).
-11
Let t(q) = 6433*q + 476026. Determine t(-74).
-16
Let q(w) = -47*w**2 + 1025*w + 7804. Give q(-6).
-38
Let q(a) = -2*a**3 + 12*a**2 - 350*a + 2198. Calculate q(6).
98
Let r(k) = -5*k**2 - 10146*k - 358812. Give r(-36).
-36
Let y(m) = -1167846*m + 24524771. Determine y(21).
5
Let p(r) = 2*r**3 + 10*r**2 + 92*r + 954. What is p(-10)?
-966
Let n(p) = p**3 + 252*p**2 + 4662*p + 77. Determine n(-20).
-363
Let v(g) = 4*g**2 - 141*g - 416. Determine v(35).
-451
Let j(b) = -697*b**2 + 439*b + 442. What is j(-1)?
-694
Let h(d) = d**2 + 2583*d - 83691. Determine h(32).
-11
Let q(t) = t**3 + 24*t**2 - 638*t - 14948. Determine q(-22).
56
Let f(h) = 1529*h**2 + 230879*h + 63. What is f(-151)?
63
Let j(w) = -w**3 + 9*w**2 + 2411*w - 26297. Determine j(11).
-18
Let d(l) = -l**3 + 4*l**2 + 29*l - 47. What is d(11)?
-575
Let x(a) = 331*a + 67148. Determine x(-203).
-45
Let m(i) = -2307611*i - 11538060. What is m(-5)?
-5
Let u(g) = -2749*g**2 + 428*g + 430. Give u(-1).
-2747
Let o(c) = 6*c**2 + 2839*c - 19960. What is o(7)?
207
Let m(p) = 1124915*p - 13498983. What is m(12)?
-3
Let x(b) = 51*b**2 + 125*b + 13. Give x(0).
13
Let h(u) = -3*u**3 - 647*u**2 + 3308*u + 14. Give h(5).
4
Let q(f) = 37*f**3 + 121*f**2 - 32*f - 1. Determine q(-5).
-1441
Let l(t) = 2*t**2 - 591*t - 2430. Determine l(-4).
-34
Let t(d) = d**3 - 89*d**2 - 1116*d + 1586. What is t(100)?
-14
Let z(h) = 128*h + 7723. Calculate z(-60).
43
Let t(z) = -2*z**3 + 311*z**2 + 2787*z + 550. What is t(164)?
386
Let v(f) = -f**3 + 15*f**2 + 49*f - 271. Calculate v(17).
-16
Let b(h) = -3*h**3 - 30*h**2 - 48*h + 176. What is b(-10)?
656
Let u(g) = 82*g**3 - 554*g**2 - 2*g + 29. What is u(7)?
995
Let x(a) = -a**3 - 10*a**2 - 54*a - 768. Determine x(-10).
-228
Let w(j) = 101*j - 7429. Calculate w(85).
1156
Let d(b) = 20*b**2 + 145*b - 1019. Give d(6).
571
Let z(t) = 2608*t - 47092. What is z(18)?
-148
Let u(a) = -205*a + 2014. Give u(8).
374
Let r(l) = l**3 - 25*l**2 - 34*l + 466. Determine r(20).
-2214
Let h(f) = -2362*f + 550208. What is h(233)?
-138
Let a(u) = u**3 + 31*u**2 - 440*u + 1199. Give a(7).
-19
Let r(o) = o**3 - 15*o**2 + 1251*o - 3641. What is r(3)?
4
Let g(h) = -15*h - 1642. Give g(-98).
-172
Let j(m) = 1998*m + 44458. Determine j(-22).
502
Let w(m) = 656*m**2 - 7228*m + 30. Give w(11).
-102
Let g(c) = c**3 + 53*c**2 - 173*c + 40. What is g(-56)?
320
Let r(v) = -4321*v - 2386. Calculate r(-2).
6256
Let k(z) = -z**2 - 5281*z - 21126. Determine k(-4).
-18
Let c(d) = 83*d**3 - 59*d**2 - 189*d + 26. What is c(-3)?
-2179
Let s(w) = 176323*w + 1234249. What is s(-7)?
-12
Let z(j) = 30993*j + 247933. Give z(-8).
-11
Let x(c) = 696*c - 1593. Give x(3).
495
Let x(v) = -2*v**3 + 16*v**2 - 66*v + 139. Calculate x(11).
-1313
Let d(l) = 3*l**3 - 180*l**2 + 1728*l - 11. Determine d(48).
-11
Let n(f) = 4*f**2 - 297*f + 5030. Determine n(48).
-10
Let k(f) = -f**3 + 26*f**2 - 72*f - 1246. Calculate k(16).
162
Let f(s) = 5*s**2 + 4519*s - 69843. Calculate f(-919).
1
Let d(i) = -i**3 - 52*i**2 - 2753*i - 118361. Give d(-47).
-15
Let c(f) = 2*f**3 - 103*f**2 - 83*f + 1056. Give c(52).
-556
Let h(s) = -s**3 + 44*s**2 + 298*s - 2542. Give h(49).
55
Let c(m) = 3*m**3 + 2*m**2 - 88*m - 90. What is c(-1)?
-3
Let r(q) = -7*q**3 + 8*q**2 + 70*q - 271. Calculate r(5).
-596
Let q(h) = -h**3 + 48*h**2 + 487*h - 19313. Give q(50).
37
Let o(y) = 171*y**2 + 113*y + 242. Give o(-2).
700
Let h(y) = 9250*y - 34576. What is h(4)?
2424
Let j(i) = -2*i**2 - 146*i - 1050. Give j(-65).
-10
Let t(f) = -310036*f - 1550185. Calculate t(-5).
-5
Let m(s) = -2*s**2 + 137*s + 12645. Calculate m(122).
-409
Let m(u) = 10*u**3 - 172*u**2 - 599*u + 27. What is m(-3)?
6
Let c(x) = -31*x**2 - 1354*x + 468. What is c(-44)?
28
Let i(g) = 10036*g + 180643. What is i(-18)?
-5
Let w(l) = -157*l - 1498. Calculate w(-11).
229
Let j(l) = -18101*l + 36201. Determine j(2).
-1
Let t(f) = -138*f + 147. Calculate t(4).
-405
Let w(m) = -3*m**3 + 440*m**2 + 1043*m + 24. Give w(149).
24
Let r(x) = 30*x**2 - 1640*x - 2224. Determine r(56).
16
Let b(u) = 5811*u - 226583. Determine b(39).
46
Let h(y) = 140492*y - 14470655. Calculate h(103).
21
Let l(q) = 1676*q - 11696. Determine l(7).
36
Let x(t) = 4*t**2 + 152*t - 977. Determine x(-43).
-117
Let w(k) = -9*k**2 - 455*k - 5078. Determine w(-34).
-12
Let s(p) = 12548*p + 4099. What is s(-1)?
-8449
Let u(p) = -167*p + 15986. Determine u(96).
-46
Let m(w) = 98*w**2 - 10*w + 106. What is m(0)?
106
Let b(j) = 4171*j + 33765. Give b(-7).
4568
Let j(c) = 12938*c - 168168. What is j(13)?
26
Let c(v) = -v**3 + 17*v**2 - 663*v + 7248. What is c(12)?
12
Let k(p) = -p**3 - 14*p**2 + 192*p + 1248. Give k(-21).
303
Let u(t) = -22*t + 1887. What is u(112)?
-577
Let z(p) = -4*p**2 + 182*p - 1202. Calculate z(8).
-2
Let g(z) = z**3 - 225*z**2 - 5165*z + 67. What is g(-21)?
46
Let f(a) = 99253*a - 1191038. Calculate f(12).
-2
Let u(c) = -c**3 - 6*c**2 + 487*c + 4151. Calculate u(-9).
11
Let p(i) = -i**3 + 174*i**2 - 1794*i + 45. Calculate p(163).
-118
Let s(f) = -f**3 + 109*f**2 + 4858*f + 590. What is s(143)?
18
Let l(p) = 5*p**3 + 8*p**2 + 252*p + 246. What is l(-1)?
-3
Let d(k) = -21*k**2 - 5279*k - 10559. Give d(-2).
-85
Let l(b) = -566*b + 3800. Give l(7).
-162
Let j(v) = -v**3 - 224*v**2 + 352*v - 22638. Determine j(-226).
-38
Let f(b) = 5*b**3 - 6*b**2 - 49*b + 146. Determine f(3).
80
Let l(j) = -4245120*j + 12735369. Give l(3).
9
Let t(f) = 3*f**2 + 52256*f + 4316577. Determine t(-83).
-4
Let s(o) = -35*o**3 + 337*o**2 + 973*o + 273. Give s(12).
-3
Let f(l) = 8*l**3 + 87*l**2 - 119*l - 174. Give f(-12).
-42
Let r(u) = 2*u**2 + 15*u - 9751. What is r(66)?
-49
Let p(b) = 4*b**3 + 91*b**2 + 1128*b + 26478. What is p(-23)?
5
Let z(u) = -u**3 - 74*u**2 + 573*u - 161. Give z(-81).
-647
Let j(w) = 1339*w**3 + 11*w**2 - 132*w - 142. Determine j(-1).
-1338
Let z(t) = 2274*t - 281898. Calculate z(124).
78
Let x(k) = 42*k + 3059. Give x(-13).
2513
Let p(w) = w**3 + 528*w**2 - 40*w - 21124. Determine p(-528).
-4
Let d(p) = -12*p**3 + 35*p**2 + 73*p + 7. Calculate d(6).
-887
Let h(s) = -2*s**3 + 11*s**2 + 79*s - 380. Calculate h(7).
26
Let n(u) = 4*u**2 + 2590*u + 248283. Give n(-117).
9
Let i(s) = -s**3 - 64*s**2 - 672*s - 288. Calculate i(-12).
288
Let i(v) = -6*v**2 - 21816*v + 6. Calculate i(0).
6
Let g(x) = -2642*x - 73455. What is g(-28)?
521
Let f(m) = 7566*m + 1006130. What is f(-133)?
-148
Let n(s) = 7*s**3 + 66*s**2 + 8*s + 11. Determine n(-10).
-469
Let d(r) = -r**3 -